 1313?
-1328
In base 8, what is -202 - 1065?
-1267
In base 14, what is -20 - -544?
524
In base 15, what is -1 - 50157?
-50158
In base 2, what is -1100000110101 + 0?
-1100000110101
In base 3, what is -111 + -2102211120?
-2102212001
In base 15, what is -96 + -17?
-ad
In base 8, what is 312437 + -2?
312435
In base 14, what is -4 + 59ba?
59b6
In base 8, what is 1604346 - -1?
1604347
In base 2, what is -111101110 - -110000111010?
101001001100
In base 16, what is 4d604 - -4?
4d608
In base 10, what is 0 - -143330?
143330
In base 2, what is -1101 - -101101000110111110?
101101000110110001
In base 7, what is 23416341 + -4?
23416334
In base 3, what is 10000110212 - -1002?
10000111221
In base 7, what is 141000 - 31?
140636
In base 9, what is -213430 - -4?
-213425
In base 11, what is -14 - 464?
-478
In base 9, what is -3 - -36475?
36472
In base 6, what is -40425 - -503?
-35522
In base 7, what is -5 - 2501244?
-2501252
In base 3, what is 0 + -1012020212201?
-1012020212201
In base 14, what is -4 + 29bbb?
29bb7
In base 9, what is 6 - 52107?
-52101
In base 13, what is -37844 - -12?
-37832
In base 16, what is -5 + -c237?
-c23c
In base 2, what is -10110100110 - -1011000?
-10101001110
In base 15, what is 95 - 68?
2c
In base 10, what is 66 - -8649?
8715
In base 7, what is -4 - 352030?
-352034
In base 11, what is -2154 - -1a14?
-240
In base 12, what is -4 + -17b56?
-17b5a
In base 4, what is -202313201 + -3?
-202313210
In base 15, what is -626 - -ce?
-547
In base 5, what is 203300 - 4444?
143301
In base 13, what is -57 + 252?
1c8
In base 13, what is -cb - 27?
-125
In base 4, what is 3201123 + -1002?
3200121
In base 12, what is -3 + 2286?
2283
In base 8, what is 72 + -153446?
-153354
In base 6, what is -403455 - 0?
-403455
In base 2, what is -1110010011000 - -1100000?
-1110000111000
In base 5, what is 24012111 + 4?
24012120
In base 10, what is -45712 + 4?
-45708
In base 2, what is 101010001001001 + -1?
101010001001000
In base 14, what is -43 - 57?
-9a
In base 10, what is -220 - -150?
-70
In base 2, what is 10001010010110010 - -1000?
10001010010111010
In base 15, what is 67632 - -3?
67635
In base 3, what is -1202212 + 110221?
-1021221
In base 5, what is -10333 - 1101?
-11434
In base 12, what is 8a - -102?
190
In base 12, what is 1 - -5744?
5745
In base 5, what is 332 + -2201?
-1314
In base 4, what is -1110 + 210213?
203103
In base 3, what is -2221 - 1100122?
-1110120
In base 8, what is -20 - 6016?
-6036
In base 11, what is -564 - -880?
317
In base 16, what is -2ba - -20?
-29a
In base 6, what is -142450 - 40?
-142530
In base 6, what is -5 - -3412140?
3412131
In base 14, what is -22d0c + 3?
-22d09
In base 2, what is 111 + -1010100100011011110?
-1010100100011010111
In base 14, what is 5bd7 - -6?
5bdd
In base 6, what is 10 + 12315212?
12315222
In base 10, what is 512 + -46?
466
In base 11, what is 9 + 92040?
92049
In base 5, what is 1300 - 104434?
-103134
In base 15, what is -260 - 83?
-2e3
In base 4, what is 233121330 + 0?
233121330
In base 12, what is 7775a - 6?
77754
In base 6, what is 1 + 2440?
2441
In base 14, what is -61bb2c - 1?
-61bb2d
In base 16, what is -4ca5 + -5?
-4caa
In base 16, what is 26a + d0?
33a
In base 13, what is 187 - 8?
17c
In base 13, what is 1831c - 5?
18317
In base 14, what is -15 + -2293b?
-22952
In base 3, what is -12 + 22120202122?
22120202110
In base 14, what is -8 - -137b0?
137a6
In base 11, what is -45 - -7276a?
72725
In base 5, what is -43 + -332332?
-332430
In base 14, what is -b2653 - 0?
-b2653
In base 8, what is -3 + 3134015?
3134012
In base 11, what is 30a + 25?
334
In base 12, what is -301bb3 + 2?
-301bb1
In base 3, what is 2 - 11020020?
-11020011
In base 16, what is -9b33f + 2?
-9b33d
In base 2, what is 100 + -11010101000100?
-11010101000000
In base 12, what is -b + 560a3?
56094
In base 6, what is 401132 - -5?
401141
In base 6, what is 11 + -444032?
-444021
In base 16, what is 2 - -21f99?
21f9b
In base 14, what is 294d5 - 15?
294c0
In base 2, what is 1110110010011 - -101?
1110110011000
In base 13, what is 6 - -c538?
c541
In base 4, what is -31030 + 30131?
-233
In base 16, what is -32 + -55?
-87
In base 14, what is 350 + 9a?
40a
In base 5, what is -32123333 + -2?
-32123340
In base 5, what is 120 + 42332?
43002
In base 2, what is 101000011011000101101 + -11?
101000011011000101010
In base 2, what is 10 - 111101010111111?
-111101010111101
In base 13, what is -376 + 12a6?
c30
In base 6, what is 323 + -100?
223
In base 14, what is d1714 - -3?
d1717
In base 10, what is -13085 - 339?
-13424
In base 4, what is -20103022 + -3?
-20103031
In base 5, what is 4 + -2032023?
-2032014
In base 5, what is 331 + -123441?
-123110
In base 5, what is -1112330 + -10?
-1112340
In base 8, what is 14206 - -26?
14234
In base 14, what is -582 + -9?
-58b
In base 14, what is -900 + -a2?
-9a2
In base 4, what is 31101221 - -33?
31101320
In base 3, what is -21212211021202 - 2?
-21212211021211
In base 8, what is 114002 + 2?
114004
In base 3, what is -1002020 + -10?
-1002100
In base 6, what is 11505 - 401?
11104
In base 15, what is -c + 1d5?
1c8
In base 10, what is -4 - -22868?
22864
In base 4, what is -1210213200 + 2?
-1210213132
In base 11, what is -24 + -1a22a?
-1a253
In base 16, what is -bdd - -19a?
-a43
In base 4, what is -10302003 + 3?
-10302000
In base 5, what is 2 + -43432?
-43430
In base 4, what is 11210113220 + 1?
11210113221
In base 4, what is -23 + -12200301?
-12200330
In base 15, what is -4 + 30c6?
30c2
In base 9, what is 1832 + 73?
2015
In base 6, what is 1141 + 1344?
2525
In base 16, what is acd3 + -2?
acd1
In base 15, what is -2 + 12ad3?
12ad1
In base 9, what is 183342 - 6?
183335
In base 13, what is a1344 - 0?
a1344
In base 2, what is -100100110010 - -10?
-100100110000
In base 7, what is -201 + -545?
-1046
In base 11, what is 2 + 27339?
27340
In base 6, what is 1121115 + 4?
1121123
In base 15, what is -c - -ced0?
cec3
In base 9, what is -173 + -836?
-1120
In base 16, what is 1ee7 - 1?
1ee6
In base 11, what is -a + -3003?
-3012
In base 2, what is -10100110 - -1110000?
-110110
In base 11, what is 107a - 220?
95a
In base 9, what is 35508 + 2?
35511
In base 13, what is -3176c + -5?
-31774
In base 4, what is 1 + -23223333?
-23223332
In base 10, what is -1 + 22776?
22775
In base 5, what is 10 + 12101201?
12101211
In base 15, what is 2 - -b6342?
b6344
In base 6, what is 54 + -1241005?
-1240511
In base 16, what is 6a7 - 33?
674
In base 6, what is 0 - 3411324?
-3411324
In base 14, what is 18 - 1741c?
-17404
In base 16, what is 6 - 15fc5?
-15fbf
In base 13, what is -29 + 3b72a?
3b701
In base 16, what is -d - 2c460?
-2c46d
In base 11, what is 85 + -14343?
-14269
In base 10, what is -896 + -17?
-913
In base 4, what is -2101 - -10111?
2010
In base 10, what is 341843 - 3?
341840
In base 5, what is 11221044 - 1?
11221043
In base 9, what is 1656 - -168?
1835
In base 4, what is 2 - -102210313?
102210321
In base 14, what is 14 + 10d1?
1105
In base 8, what is 14042 - 10?
14032
In base 13, what is a853 + -14?
a83c
In base 6, what is 35231 + -2?
35225
In base 15, what is 29b + -21c?
7e
In base 7, what is -2620 + 640?
-1650
In base 8, what is -317 - 176?
-515
In base 4, what is -2121 - 331?
-3112
In base 3, what is -1211011120 - -2202?
-1211001211
In base 14, what is 5 + 34a?
351
In base 16, what is -82b37 + 4?
-82b33
In base 13, what is -36 - 1005?
-103b
In base 10, what is 0 + 251823?
251823
In base 4, what is 3 - 112300002?
-112233333
In base 12, what is -3 - 123a?
-1241
In base 7, what is -20256612 + -4?
-20256616
In base 6, what is 2433 - 231?
2202
In base 16, what is -3 + -2738?
-273b
In base 11, what is 4452 - -52?
44a4
In base 12, what is 3 - -134?
137
In base 2, what is -10110 + 100101101011101?
100101101000111
In base 6, what is -5 - 223255?
-223304
In base 14, what is 1a + 6ddc1?
6dddb
In base 3, what is 1111122221001 + -1?
1111122221000
In base 14, what is 9 - c806?
-c7db
In base 10, what is 385 - -933?
1318
In base 16, what is -1250 - 1d?
-126d
In base 10, what is -43 - 76598?
-76641
In base 16, what is db - -11e?
1f9
In base 8, what is -3644 - -465?
-3157
In base 5, what is 101 - -143411?
144012
In base 11, what is -1 + -283a21?
-283a22
In base 13, what is -4 + -7ab31?
-7ab35
In base 13, what is -4ca + 3a?
-490
In base 11, what is 116 - -99?
204
In base 3